45 - b = 0. What are the prime factors of l?
2, 3, 7
Let y be (3/(-12))/((-4)/48). Let t(b) = b**y + 4*b**2 - 4*b + 5 + 2 + 0*b**3. List the prime factors of t(-5).
2
Let x be (9 + -7)*(-3)/1. List the prime factors of (-94)/(-3) + x/(-9).
2
Let x = -5 - -10. Suppose -x*a = -a - 312. What are the prime factors of a?
2, 3, 13
Let v be 4/6*(10 - -5). Let l = 13 - v. Suppose -4*p = -5*t - 3*p + 58, -l*t + 46 = 5*p. List the prime factors of t.
2, 3
Let a(n) = 14*n**3 + 2*n**2 + n. Let q be a(-1). Suppose 9*u - 4*u = c + 75, 5*u - 2*c = 75. Let d = u + q. List the prime factors of d.
2
Let w = -83 - -86. Let c(s) = 8*s**2 + 6*s - 3. List the prime factors of c(w).
3, 29
Let a(k) be the second derivative of k**5/20 + 11*k**4/12 + 3*k**3/2 + 15*k**2/2 + 59*k - 1. Suppose 2 = -f - 8. List the prime factors of a(f).
5
What are the prime factors of (-36)/12 + 0 + 4 + 4866?
31, 157
Suppose 8*i - 11*i + 2834 = -t, -t = 5. What are the prime factors of i?
23, 41
Let d(l) = 89*l**2 + 7*l + 6. Let b be (1 - (-2 + 5))/((-2)/(-1)). What are the prime factors of d(b)?
2, 11
Let n = -6 - -17. Let q = -4 + n. Let d = 11 + q. List the prime factors of d.
2, 3
List the prime factors of (-1)/(1 - 1068/1064).
2, 7, 19
Let y be (-9)/((-3 - -6)/15). Let t(j) = -41*j. Let x(c) = 450*c. Let g(r) = y*t(r) - 4*x(r). List the prime factors of g(1).
3, 5
Suppose 50*j - 10560 = -14*j. List the prime factors of j.
3, 5, 11
Let m be (4 - 3)*(0 + 1 - -2). Suppose m*q - 533 = 2*j, -j = 2*q - 22 - 324. What are the prime factors of q?
5, 7
Let w(k) = k**3 + 12*k**2 + 5. Let c be w(-12). Suppose 240 = c*l - 0*l. What are the prime factors of (l/15)/(8/60)?
2, 3
Suppose -3*p - b + 17 = 41, 3*p + 3*b + 18 = 0. Let s(o) = -11*o - 13. What are the prime factors of s(p)?
2, 43
Let m = -50 + 28. Let h = m - -24. Suppose 0*r - h = r, 3*j - r = 233. What are the prime factors of j?
7, 11
Let i(u) = u**3 - 5*u**2 + 4*u + 5. Let j be i(4). Suppose -j*t + v + 219 = 2*v, -5*v = -t + 49. Suppose -5*o = -124 + t. List the prime factors of o.
2
Let v be ((-12)/(-5))/3*210/84. Suppose t - v*r - r - 142 = 0, -2*r = 2*t - 244. What are the prime factors of t?
127
Suppose -3*l = 3*n - 4959, 63*l = 59*l + n + 6637. What are the prime factors of l?
2, 829
Suppose -22*f = -26*f + 1444. List the prime factors of f.
19
Suppose 2*b = -5*q - 2*b, -2*q - 2*b - 2 = 0. Let v(k) = 15*k - 4 + q + 14*k. List the prime factors of v(1).
29
Suppose 4964 - 13716 = -16*p. What are the prime factors of p?
547
Suppose -5 = -a - 1. Let n = 43 - a. Let t = 68 - n. What are the prime factors of t?
29
Suppose 4*b = 5 + 11. Suppose -599 + 155 = -b*r. Let p = -78 + r. List the prime factors of p.
3, 11
Suppose 0 = -0*q + 3*q. Suppose -f - 23 = -0*f. Let n = q - f. List the prime factors of n.
23
Suppose 74 = 4*u - 98. What are the prime factors of u?
43
Let b be -86 - (-2 - (-2)/2). What are the prime factors of (b + (-15)/5)/(-2)?
2, 11
Let d(v) = 39*v**3 - v**2 - v. Let x be d(-1). Let w = -22 - x. What are the prime factors of w?
17
Let f(i) = 2*i**3 + 11*i**2 - 5*i - 29. Let k(c) = -c**3 - 6*c**2 + 3*c + 14. Let a(m) = -4*f(m) - 9*k(m). List the prime factors of a(-10).
2, 3, 5
Suppose 444 = -28*l - 60. Suppose 5*t - 3*k = -0*k + 304, 3*k - 130 = -2*t. Let z = l + t. List the prime factors of z.
2, 11
Let f = 37 - 45. What are the prime factors of (f - -2)*(-153)/18?
3, 17
Suppose -3*h + 5*h - 4 = 0. Suppose -i = 4*i + 4*p - 291, h*p - 234 = -4*i. What are the prime factors of i?
59
Let l(h) = 18*h + 1089. List the prime factors of l(0).
3, 11
Suppose 0 = -0*v + 3*v - 651. Let w = -146 + v. What are the prime factors of w?
71
Let j = -3085 - -7440. List the prime factors of j.
5, 13, 67
Let t be 63/(-5) - 22/55. Suppose 0 = 2*z - 4 - 2, 3*i = 2*z - 27. Let f = i - t. What are the prime factors of f?
2, 3
Let y be ((-12)/10)/((-9)/1650). Let s = -103 + y. List the prime factors of s.
3, 13
Let r = 2725 - 1311. List the prime factors of r.
2, 7, 101
Suppose 2*c = 2*r + 2650, 1039 = c - 2*r - 285. List the prime factors of c.
2, 3, 13, 17
Let x(w) = -6 + 8*w**3 - w - 5 + 6 + 4. Let m be x(2). Let k = -38 + m. List the prime factors of k.
23
Let q be -1 + (-995)/(-4 + 9). What are the prime factors of (q/(-5))/(-5)*31/(-2)?
2, 31
Let v be (-10)/(-10) - (1 + -2283). What are the prime factors of (-3)/(-9) + v/9?
2, 127
Let f be 7 + -2 + 2 - 1*4. List the prime factors of 404/f + 15/45.
3, 5
Let p be (-3 - (-6 - -4)) + 13. Suppose -4*v + 2*a = -8, -6*a = v - a - 13. Suppose 13 = c + 3*o - o, 2*c - v*o - p = 0. What are the prime factors of c?
3
Suppose s + 5*j = 2343, 0 = 2*s - 4*j - 3702 - 956. List the prime factors of s.
2333
Let p be (-122)/(-6) + 1*(-1)/3. Suppose j + 7 = 2*i - 33, -i + 5*j + p = 0. List the prime factors of i.
2, 5
Let b = 2899 + -456. List the prime factors of b.
7, 349
Suppose 3*i + 12 = 0, 4*x + 0*x = 2*i + 928. List the prime factors of x.
2, 5, 23
Suppose 4*u = -4*c, -3*u - 7 = 2*c - 3. Suppose 2*v - 142 = v + c*w, -2*w = -4*v + 498. What are the prime factors of v?
2, 61
Let a(f) = -66*f**3 + 1. Let i = -76 + 75. List the prime factors of a(i).
67
Let g(w) = 5*w - 10. Suppose 7*s - 94 + 3 = 0. What are the prime factors of g(s)?
5, 11
Suppose 0 = -2*d + 3*d + 2*c - 1, 5*c = -15. Let s = d + -48. Let q = s - -80. What are the prime factors of q?
3, 13
Let v = -25 + 17. Let p be (-7)/(42/v)*9. What are the prime factors of ((-2 - -1) + p)*1?
11
Let l(b) = b**3 - 11*b**2 - 14*b + 21. Let d be l(12). What are the prime factors of (d + -58)/(-1) - -2?
3, 7
Let x = 1 + 2. Suppose -5*r - x = -13. Suppose -r*h + 16 = 2*j, -j + 3*h = 6 + 6. What are the prime factors of j?
3
Let f be ((-2)/1 + 5 + -7)*-1. Suppose -292 = 4*v + f*i - 1028, 5*v + i = 916. List the prime factors of v.
3, 61
What are the prime factors of (-2850)/(-12) - 10/(-4)?
2, 3, 5
Let s = -2 + 130. List the prime factors of s.
2
Let v = -1739 + 4009. List the prime factors of v.
2, 5, 227
Let g(c) = c + 4. Let j be g(-5). Suppose -130 = 7*y + 45. List the prime factors of (y/(3 - 2))/j.
5
Let s(q) = 2*q**2 - 8*q. Let x be s(-6). Suppose 16*v = 11*v + x. What are the prime factors of v?
2, 3
Let d = -1184 + 1671. What are the prime factors of d?
487
Suppose 3*w + 16 = -w. List the prime factors of 6/w*6656/(-96).
2, 13
Suppose -20 = -4*g - 4. Suppose -4*h + 375 = m, g*h = 2*h + 2*m + 180. List the prime factors of h.
3, 31
Suppose 3*g - 4*l - 21 = -2*g, 0 = -3*g + 2*l + 13. Suppose -8*f = -g*f + 78. What are the prime factors of (-1374)/f + (-30)/(-195)?
53
Let c = 278 + -172. What are the prime factors of c?
2, 53
Suppose -p = -5*v + 6, -2 - 6 = 2*v - 3*p. Suppose 3*r = 3*w - 265 + 19, -v*w - 2*r = -156. What are the prime factors of w?
2, 5
What are the prime factors of ((-24)/4)/(30/(-4520))?
2, 113
Let z be -23 + 19 - 13*(-1 + 0). List the prime factors of (-3 - -209) + z/3.
11, 19
Let h = 130 + -130. Suppose h = -71*j + 70*j + 114. What are the prime factors of j?
2, 3, 19
Suppose -8*a + a = 994. Let f = 125 - a. What are the prime factors of f?
3, 89
Let u be 96060/(-36) - (-1 - 2/(-3)). List the prime factors of 14/(-63) - u/18.
2, 37
Suppose 4*r = 12, 0 = -c + 6*c - 4*r - 3. Suppose 279 = 4*k - 0*z + z, -c*k - 5*z = -205. List the prime factors of ((-18)/15)/((-4)/k).
3, 7
Let u = -47 - -31. Let w = 21 + u. Suppose -s + 6*s = w*y + 20, 2*s + y = 11. List the prime factors of s.
5
Suppose 4*f + g - 146 = -g, -3*f = -3*g - 96. Let m be (-7)/f - 18/10. What are the prime factors of (-31 - -20)/(m + 1)?
11
Let v be (362/8)/(4/48). Suppose 0 = j + 2*j - v. What are the prime factors of j?
181
Let y = 33 - 161. Let a = 229 + y. What are the prime factors of a?
101
Let m be 1 + -4 + 11 + 4. Suppose 391 = -m*r + 1915. What are the prime factors of r?
127
Suppose -245*g = -240*g - 4070. List the prime factors of g.
2, 11, 37
Let p be (-254)/3 - 4/12. Let a = -79 - p. List the prime factors of a.
2, 3
Let f = 34 + -23. List the prime factors of f*2 - 0/10.
2, 11
Suppose 4*z + 2*f - 6*f - 17848 = 0, -4*z + 2*f + 17840 = 0. List the prime factors of z.
2, 3, 743
Let a(y) = y**3 - 22*y**2 + 15*y + 5. Let d be a(21). Let b = d + 372. List the prime factors of b.
251
Let r = 8262 + -4688. What are the prime factors of r?
2, 1787
What are the 